{"id":17820,"date":"2024-11-29T18:28:20","date_gmt":"2024-11-29T17:28:20","guid":{"rendered":"https:\/\/sonpocapalla.es\/producto\/lampara-de-palma-amb-serrells\/"},"modified":"2024-11-29T18:28:20","modified_gmt":"2024-11-29T17:28:20","slug":"lampara-de-palma-amb-serrells","status":"publish","type":"product","link":"https:\/\/sonpocapalla.es\/ca\/producto\/lampara-de-palma-amb-serrells\/","title":{"rendered":"L\u00e0mpara de palma amb serrells"},"content":{"rendered":"<div class=\"text-base my-auto mx-auto pb-10 [--thread-content-margin:--spacing(4)] thread-sm:[--thread-content-margin:--spacing(6)] thread-lg:[--thread-content-margin:--spacing(16)] px-(--thread-content-margin)\">\n<div class=\"[--thread-content-max-width:40rem] thread-sm:[--thread-content-max-width:40rem] thread-lg:[--thread-content-max-width:48rem] mx-auto max-w-(--thread-content-max-width) flex-1 group\/turn-messages focus-visible:outline-hidden relative flex w-full min-w-0 flex-col agent-turn\" tabindex=\"-1\">\n<div class=\"flex max-w-full flex-col grow\">\n<div class=\"flex flex-col gap-2 [&amp;:not(:first-child)]:mt-2\">\n<div id=\"textdoc-message-68bac1a4dc5c8191ae5db66cd8b48dbc\" class=\"popover bg-token-bg-primary dark:bg-token-bg-elevated-secondary border-token-border-default dark:border-token-border-light relative z-0 border [--canvas-bg:var(--bg-primary)] dark:[--canvas-bg:var(--bg-elevated-secondary)] overflow-visible cursor-text font-regular rounded-3xl w-full w-full pt-1 pb-3 sm:max-w-none\">\n<div class=\"thread-xl:-top-[var(--header-height)] sticky top-0 z-20 overflow-hidden rounded-[inherit]\">\n<div class=\"text-token-text-secondary bg-token-bg-primary\/80 dark:bg-token-bg-elevated-secondary\/80 z-20 flex w-full items-center justify-between gap-3 px-4 py-3 font-sans text-sm font-normal backdrop-blur-sm sm:px-6\">\n<div class=\"flex min-w-0 items-center gap-2 truncate\">\n<div class=\"flex items-center gap-1\">\n<p>Aquesta l\u00e0mpara artesanal est\u00e0 confeccionada \u00edntegrament amb palma natural, una fibra vegetal tradicional coneguda per la seva flexibilitat i lleugeresa. El disseny inclou una base trenada a m\u00e0 de forma circular i una caiguda lliure de serrells llargs que li aporten un estil bohemi, natural i molt decoratiu. <\/p>\n<p>Ideal per penjar en sostres d\u2019interiors o exteriors coberts, aquesta l\u00e0mpara aporta calidesa, moviment i personalitat a l\u2019ambient. La seva forma c\u00f2nica irregular i la seva textura natural la converteixen en una pe\u00e7a \u00fanica, perfecta per a projectes d\u2019interiorisme amb ess\u00e8ncia mediterr\u00e0nia o r\u00fastica. <\/p>\n<p>???? Material: Palma natural<br \/>\n???? \u00das: Decoraci\u00f3 interior o exterior cobert<br \/>\n\u2728 Estil: Artesanal, bohemi i amb moviment<br \/>\n???? Refer\u00e8ncia: PF40<br \/>\n???? Mida: Al\u00e7\u00e0ria aproximada de 40 cm<\/p>\n<p>Una pe\u00e7a amb \u00e0nima natural, ideal per crear espais amb encant. Nom\u00e9s a La Palma 1935.<\/p>\n<\/div>\n<\/div>\n<div class=\"flex items-center justify-end\">\n<div class=\"hover:text-token-text-primary\"><\/div>\n<div class=\"hover:text-token-text-primary\"><\/div>\n<div class=\"hover:text-token-text-primary\"><\/div>\n<\/div>\n<\/div>\n<\/div>\n<div class=\"relative flex min-h-0 w-full flex-1 flex-col self-end\">\n<div class=\"relative flex min-h-0 flex-auto flex-col overflow-hidden border-t transition-colors border-transparent\">\n<section class=\"popover flex h-full w-full flex-col bg-transparent\">\n<section class=\"relative flex min-h-0 flex-auto grow flex-col overflow-hidden\">\n<div class=\"block h-auto\">\n<div class=\"h-full w-full\">\n<div class=\"flex h-full justify-center\">\n<div class=\"z-0 flex w-full flex-col items-center\">\n<div id=\"prosemirror-context-children\"><\/div>\n<div id=\"prosemirror-editor-container\" class=\"relative z-10 flex max-w-full h-fit\"><\/div>\n<\/div>\n<\/div>\n<\/div>\n<\/div>\n<\/section>\n<\/section>\n<\/div>\n<\/div>\n<\/div>\n<\/div>\n<\/div>\n<\/div>\n<\/div>\n","protected":false},"excerpt":{"rendered":"<p>L\u00e0mpara de palma amb serrells. Disseny artesanal, decoratiu i amb moviment. Al\u00e7\u00e0ria aprox. 40 cm.   <\/p>\n","protected":false},"featured_media":17388,"template":"","meta":[],"product_brand":[],"product_cat":[153],"product_tag":[],"tipo-de-cliente":[],"class_list":{"0":"post-17820","1":"product","2":"type-product","3":"status-publish","4":"has-post-thumbnail","6":"product_cat-decoracio","8":"first","9":"instock","10":"taxable","11":"shipping-taxable","12":"purchasable","13":"product-type-simple"},"jetpack_sharing_enabled":true,"_links":{"self":[{"href":"https:\/\/sonpocapalla.es\/ca\/wp-json\/wp\/v2\/product\/17820","targetHints":{"allow":["GET"]}}],"collection":[{"href":"https:\/\/sonpocapalla.es\/ca\/wp-json\/wp\/v2\/product"}],"about":[{"href":"https:\/\/sonpocapalla.es\/ca\/wp-json\/wp\/v2\/types\/product"}],"version-history":[{"count":0,"href":"https:\/\/sonpocapalla.es\/ca\/wp-json\/wp\/v2\/product\/17820\/revisions"}],"wp:featuredmedia":[{"embeddable":true,"href":"https:\/\/sonpocapalla.es\/ca\/wp-json\/wp\/v2\/media\/17388"}],"wp:attachment":[{"href":"https:\/\/sonpocapalla.es\/ca\/wp-json\/wp\/v2\/media?parent=17820"}],"wp:term":[{"taxonomy":"product_brand","embeddable":true,"href":"https:\/\/sonpocapalla.es\/ca\/wp-json\/wp\/v2\/product_brand?post=17820"},{"taxonomy":"product_cat","embeddable":true,"href":"https:\/\/sonpocapalla.es\/ca\/wp-json\/wp\/v2\/product_cat?post=17820"},{"taxonomy":"product_tag","embeddable":true,"href":"https:\/\/sonpocapalla.es\/ca\/wp-json\/wp\/v2\/product_tag?post=17820"},{"taxonomy":"tipo-de-cliente","embeddable":true,"href":"https:\/\/sonpocapalla.es\/ca\/wp-json\/wp\/v2\/tipo-de-cliente?post=17820"}],"curies":[{"name":"wp","href":"https:\/\/api.w.org\/{rel}","templated":true}]}}

Làmpara de palma amb serrells

<div class="text-base my-auto mx-auto pb-10 [--thread-content-margin:--spacing(4)] thread-sm:[--thread-content-margin:--spacing(6)] thread-lg:[--thread-content-margin:--spacing(16)] px-(--thread-content-margin)">
<div class="[--thread-content-max-width:40rem] thread-sm:[--thread-content-max-width:40rem] thread-lg:[--thread-content-max-width:48rem] mx-auto max-w-(--thread-content-max-width) flex-1 group/turn-messages focus-visible:outline-hidden relative flex w-full min-w-0 flex-col agent-turn" tabindex="-1">
<div class="flex max-w-full flex-col grow">
<div class="flex flex-col gap-2 [&amp;:not(:first-child)]:mt-2">
<div id="textdoc-message-68bac1a4dc5c8191ae5db66cd8b48dbc" class="popover bg-token-bg-primary dark:bg-token-bg-elevated-secondary border-token-border-default dark:border-token-border-light relative z-0 border [--canvas-bg:var(--bg-primary)] dark:[--canvas-bg:var(--bg-elevated-secondary)] overflow-visible cursor-text font-regular rounded-3xl w-full w-full pt-1 pb-3 sm:max-w-none">
<div class="thread-xl:-top-[var(--header-height)] sticky top-0 z-20 overflow-hidden rounded-[inherit]">
<div class="text-token-text-secondary bg-token-bg-primary/80 dark:bg-token-bg-elevated-secondary/80 z-20 flex w-full items-center justify-between gap-3 px-4 py-3 font-sans text-sm font-normal backdrop-blur-sm sm:px-6">
<div class="flex min-w-0 items-center gap-2 truncate">
<div class="flex items-center gap-1">
<p>Aquesta làmpara artesanal està confeccionada íntegrament amb palma natural, una fibra vegetal tradicional coneguda per la seva flexibilitat i lleugeresa. El disseny inclou una base trenada a mà de forma circular i una caiguda lliure de serrells llargs que li aporten un estil bohemi, natural i molt decoratiu. </p>
<p>Ideal per penjar en sostres d’interiors o exteriors coberts, aquesta làmpara aporta calidesa, moviment i personalitat a l’ambient. La seva forma cònica irregular i la seva textura natural la converteixen en una peça única, perfecta per a projectes d’interiorisme amb essència mediterrània o rústica. </p>
<p>???? Material: Palma natural<br />
???? Ús: Decoració interior o exterior cobert<br />
✨ Estil: Artesanal, bohemi i amb moviment<br />
???? Referència: PF40<br />
???? Mida: Alçària aproximada de 40 cm</p>
<p>Una peça amb ànima natural, ideal per crear espais amb encant. Només a La Palma 1935.</p>
</div>
</div>
<div class="flex items-center justify-end">
<div class="hover:text-token-text-primary"></div>
<div class="hover:text-token-text-primary"></div>
<div class="hover:text-token-text-primary"></div>
</div>
</div>
</div>
<div class="relative flex min-h-0 w-full flex-1 flex-col self-end">
<div class="relative flex min-h-0 flex-auto flex-col overflow-hidden border-t transition-colors border-transparent">
<section class="popover flex h-full w-full flex-col bg-transparent">
<section class="relative flex min-h-0 flex-auto grow flex-col overflow-hidden">
<div class="block h-auto">
<div class="h-full w-full">
<div class="flex h-full justify-center">
<div class="z-0 flex w-full flex-col items-center">
<div id="prosemirror-context-children"></div>
<div id="prosemirror-editor-container" class="relative z-10 flex max-w-full h-fit"></div>
</div>
</div>
</div>
</div>
</section>
</section>
</div>
</div>
</div>
</div>
</div>
</div>
</div>

<p>Làmpara de palma amb serrells. Disseny artesanal, decoratiu i amb moviment. Alçària aprox. 40 cm.   </p>
